hest common factor of 490 and 18326.
98
What is the highest common factor of 33420975 and 525?
525
Calculate the greatest common divisor of 40765 and 60915.
155
Calculate the greatest common factor of 2936 and 802629.
367
What is the highest common factor of 714 and 13503?
21
Calculate the greatest common factor of 7105 and 20155.
145
Calculate the greatest common factor of 50211 and 3276.
63
Calculate the highest common factor of 1490 and 89102.
298
What is the highest common factor of 65 and 341315?
65
What is the highest common factor of 33 and 2401927?
11
Calculate the greatest common divisor of 96 and 1459296.
96
What is the greatest common divisor of 3360 and 4404?
12
What is the highest common divisor of 323 and 2831?
19
What is the greatest common divisor of 998 and 18463?
499
Calculate the highest common factor of 80 and 52850.
10
Calculate the highest common divisor of 30160 and 32.
16
What is the greatest common factor of 5632 and 4246?
22
What is the highest common divisor of 14436 and 1854?
18
Calculate the greatest common factor of 2475 and 156420.
495
What is the highest common factor of 2311807 and 823?
823
Calculate the highest common divisor of 18574 and 106.
2
Calculate the highest common factor of 459 and 1413618.
51
Calculate the greatest common factor of 4047 and 22507.
71
Calculate the highest common divisor of 387160 and 370.
10
What is the greatest common divisor of 304938 and 270?
54
What is the greatest common factor of 802 and 34?
2
What is the greatest common factor of 8 and 20728?
8
Calculate the greatest common factor of 12 and 66762.
6
What is the greatest common divisor of 216 and 1348?
4
Calculate the highest common factor of 135 and 797310.
135
What is the greatest common factor of 48 and 1138?
2
What is the greatest common factor of 1344 and 740040?
168
What is the greatest common divisor of 15544 and 40?
8
Calculate the greatest common factor of 159 and 1249422.
159
Calculate the greatest common factor of 459 and 619667.
17
What is the highest common divisor of 955 and 3436663?
191
What is the greatest common factor of 60334 and 5626?
194
What is the highest common factor of 109200 and 35070?
210
Calculate the greatest common divisor of 233361 and 405.
81
Calculate the greatest common divisor of 5762 and 602.
86
What is the highest common divisor of 6318 and 10935?
243
Calculate the highest common divisor of 101 and 653571.
101
What is the highest common factor of 137 and 581291?
137
Calculate the highest common divisor of 272 and 2060.
4
What is the greatest common factor of 87 and 1482?
3
What is the greatest common factor of 150 and 1569100?
50
Calculate the greatest common divisor of 2154 and 20.
2
Calculate the highest common factor of 645 and 55815.
15
Calculate the greatest common divisor of 302038 and 22.
22
Calculate the greatest common divisor of 1448 and 22.
2
What is the highest common factor of 3570840 and 654?
654
Calculate the greatest common divisor of 641987 and 37.
37
Calculate the greatest common divisor of 3717 and 4473.
63
What is the highest common factor of 175191 and 552?
69
Calculate the highest common factor of 3285 and 8982.
9
Calculate the greatest common factor of 1617 and 47091.
33
Calculate the greatest common divisor of 44 and 562804.
44
What is the highest common factor of 36 and 422352?
36
Calculate the highest common factor of 1192560 and 720.
240
What is the greatest common divisor of 4872 and 6948?
12
What is the greatest common factor of 20968 and 1569979?
2621
Calculate the highest common divisor of 739830 and 271.
271
What is the highest common factor of 1620 and 66?
6
Calculate the highest common divisor of 1974 and 708.
6
What is the greatest common divisor of 1302 and 57414?
42
Calculate the highest common factor of 210 and 376410.
30
What is the highest common factor of 8928 and 648?
72
What is the highest common divisor of 640 and 2995?
5
What is the greatest common divisor of 747 and 2656?
83
Calculate the highest common divisor of 7512 and 8916.
12
What is the greatest common factor of 891 and 11745?
81
Calculate the greatest common divisor of 1827959 and 357.
119
Calculate the highest common divisor of 1975 and 125.
25
Calculate the highest common divisor of 10147 and 1387.
73
Calculate the highest common divisor of 2058 and 554974.
686
Calculate the greatest common divisor of 231741 and 81.
81
What is the highest common factor of 14234 and 241331?
647
Calculate the highest common factor of 6 and 30507.
3
Calculate the highest common factor of 12297 and 24.
3
Calculate the greatest common factor of 1277868 and 5976.
996
Calculate the highest common factor of 529461 and 2403.
801
Calculate the greatest common divisor of 357 and 322473.
51
Calculate the greatest common divisor of 94668 and 168.
84
What is the greatest common divisor of 135765 and 5?
5
Calculate the highest common divisor of 44 and 439659.
11
Calculate the highest common divisor of 154 and 290136.
154
Calculate the greatest common divisor of 68074 and 7070.
202
Calculate the highest common divisor of 22886220 and 21.
21
What is the highest common factor of 139711 and 143?
143
Calculate the greatest common factor of 344 and 273394.
86
What is the greatest common divisor of 4898231 and 13?
13
Calculate the highest common factor of 8858 and 172.
86
What is the greatest common divisor of 165 and 147741?
33
Calculate the greatest common factor of 72 and 46152.
72
What is the greatest common divisor of 882 and 811587?
147
Calculate the highest common factor of 11619 and 1224.
9
Calculate the highest common divisor of 54 and 62514.
18
Calculate the highest common divisor of 1030 and 61285.
515
Calculate the highest common divisor of 90 and 2030970.
30
Calculate the greatest common divisor of 2170 and 53382.
434
What is the highest common divisor of 1825 and 3085?
5
Calculate the highest common factor of 6846 and 455748.
978
What is the highest common factor of 16974 and 230?
46
What is the highest common divisor of 1749660 and 2178?
726
What is the greatest common divisor of 10350 and 14475?
75
Calculate the greatest common factor of 228180 and 420.
60
What is the greatest common factor of 12 and 23732?
4
Calculate the highest common factor of 784 and 13426.
98
What is the greatest common divisor of 141272 and 16?
8
Calculate the highest common divisor of 108 and 133191.
27
Calculate the highest common factor of 322 and 33994.
46
Calculate the greatest common divisor of 85935 and 714.
51
Calculate the highest common divisor of 2323 and 26979.
23
Calculate the highest common factor of 6224940 and 180.
180
What is the highest common factor of 5470 and 320?
10
What is the highest common factor of 75 and 738800?
25
What is the greatest common divisor of 976 and 160?
16
What is the greatest common factor of 224 and 146832?
112
Calculate the highest common divisor of 4 and 62404.
4
Calculate the greatest common divisor of 57918 and 4557.
147
What is the highest common divisor of 192496 and 6784?
848
What is the highest common divisor of 4160 and 34840?
520
Calculate the highest common divisor of 563 and 50107.
563
Calculate the greatest common factor of 154 and 20823.
11
Calculate the highest common divisor of 16262 and 59166.
346
Calculate the greatest common divisor of 1507 and 1408.
11
Calculate the greatest common factor of 20758 and 321.
107
What is the greatest common factor of 3900 and 10764?
156
What is the highest common factor of 4146 and 849?
3
What is the highest common factor of 1906 and 6403207?
953
Calculate the greatest common factor of 18150 and 264.
66
What is the highest common factor of 4128 and 2208?
96
Calculate the greatest common factor of 9536 and 128.
64
Calculate the highest common divisor of 324 and 1412.
4
What is the greatest common factor of 15507 and 1626?
3
Calculate the highest common factor of 259 and 181818.
259
What is the highest common factor of 62227 and 319?
11
What is the highest common factor of 377 and 2483?
13
Calculate the highest common factor of 210 and 849765.
105
What is the highest common factor of 6087 and 21?
3
Calculate the highest common factor of 138 and 2634.
6
Calculate the greatest common divisor of 2400 and 2525.
25
What is the greatest common f